 is 323330001 (base 4) in base 11?
1584a7
-206714 (base 8) to base 12
-33b78
What is 33243300 (base 6) in base 15?
14ba13
-11101000010110000110010 (base 2) to base 14
-102284a
-1a1c6 (base 15) to base 9
-138266
What is 21455223 (base 6) in base 5?
131122104
What is 41049 (base 10) in base 15?
c269
-845738 (base 9) to base 6
-14440055
What is 2305d (base 14) in base 6?
1454111
Convert 40444400 (base 5) to base 3.
121200001212
147151 (base 11) to base 3
102122021112
What is -975816 (base 10) in base 7?
-11202642
What is 1001100110111110101000 (base 2) in base 4?
21212332220
Convert 4511015 (base 6) to base 13.
7c448
Convert 511135221 (base 6) to base 13.
1a6c026
-1000101010011111100110 (base 2) to base 14
-4319b0
What is -1200212012 (base 3) in base 16?
-8297
43300114 (base 5) to base 16
5a090
Convert -435245 (base 8) to base 14.
-3b349
What is 123023213 (base 4) in base 3?
12122201112
Convert -7baa8c (base 13) to base 12.
-b9779a
Convert -3a31b6 (base 12) to base 4.
-3222031122
Convert -1762600 (base 15) to base 16.
-103acf4
22111102222 (base 3) to base 6
3330212
What is -13322313 (base 6) in base 15?
-8c3d3
1300003032 (base 4) to base 16
700ce
Convert 3576257 (base 8) to base 2.
11101111110010101111
Convert -399052 (base 11) to base 13.
-18c4a7
What is -540250 (base 7) in base 4?
-112321030
Convert 22201222002011 (base 3) to base 12.
167b971
Convert -42a122 (base 11) to base 4.
-2213231131
Convert -3210201000 (base 4) to base 12.
-391800
What is -af529 (base 16) in base 5?
-140434441
What is 2010121011122 (base 3) in base 15?
175db5
What is 395088 (base 14) in base 10?
1973056
What is 9a1113 (base 11) in base 10?
1597335
Convert -2200b5 (base 15) to base 5.
-403321140
What is -11512100 (base 6) in base 12?
-158630
Convert 11557b9 (base 13) to base 6.
310423243
-8232a (base 12) to base 15
-354aa
Convert -2123213233 (base 4) to base 14.
-128423
Convert 102440220 (base 6) to base 9.
3356803
Convert c974c6 (base 14) to base 6.
402101050
988c (base 13) to base 5
1134431
Convert -1078b6 (base 15) to base 3.
-1110212210000
What is -253ba (base 13) in base 2?
-10000110010011111
What is 23101020032 (base 4) in base 7?
34051331
Convert 23284 (base 15) to base 8.
332515
What is -10147c (base 13) in base 5?
-43434034
Convert 1027165 (base 8) to base 10.
274037
Convert -11111110101010101011101 (base 2) to base 16.
-7f555d
Convert 1220210222210 (base 3) to base 5.
230113430
What is 41aed9 (base 15) in base 9?
5783006
What is -22212201101002 (base 3) in base 12?
-16b6648
Convert -8c62d7 (base 15) to base 9.
-13546304
412425 (base 6) to base 14
c049
-313111130123 (base 4) to base 10
-14505755
3230010 (base 6) to base 15
32379
466641 (base 8) to base 7
1231646
-7ac36a (base 16) to base 10
-8045418
Convert 433432 (base 6) to base 8.
105734
52052620 (base 7) to base 11
2512282
Convert 130221121 (base 4) to base 5.
12223322
-2681a60 (base 12) to base 4
-131013302220
Convert -107aba (base 16) to base 6.
-35051550
365269 (base 10) to base 12
157471
Convert 535530 (base 10) to base 11.
336396
4002301142 (base 5) to base 7
123515624
What is 26b45b0 (base 13) in base 12?
4107323
-1063702 (base 8) to base 6
-10104334
Convert -1346721 (base 8) to base 12.
-164155
Convert 6023039 (base 10) to base 8.
26763577
What is 2017436 (base 8) in base 9?
1001103
112001202110011 (base 3) to base 4
130200321031
-136b818 (base 12) to base 15
-518b6b
190a6 (base 13) to base 2
1011110101010110
Convert -233102311212 (base 4) to base 8.
-57226546
What is -1cb15b (base 13) in base 9?
-1344845
What is 21650473 (base 8) in base 9?
8713277
What is -233312302 (base 4) in base 2?
-101111110110110010
Convert 1332203320 (base 4) to base 13.
151c54
-31b2b (base 16) to base 8
-615453
What is 275 (base 13) in base 9?
532
Convert -11000110001010001 (base 2) to base 11.
-6a254
7215 (base 12) to base 5
344101
22781 (base 15) to base 3
12120110211
What is 1435424 (base 6) in base 15?
1985d
What is 12312221 (base 6) in base 8?
1412065
8d01 (base 14) to base 9
36543
Convert 10101011100010101 (base 2) to base 16.
15715
Convert 102000011120102 (base 3) to base 5.
2444133213
What is -4469859 (base 10) in base 14?
-844d59
What is 4150 (base 6) in base 14?
4a6
98404 (base 10) to base 11
67a29
Convert -13c48 (base 15) to base 16.
-f81e
Convert -3ab24 (base 15) to base 16.
-2dee6
Convert 6718b9 (base 13) to base 4.
21101212122
What is 3121366 (base 7) in base 15?
76214
What is -3303332103 (base 4) in base 9?
-1782720
Convert 1251364 (base 8) to base 5.
42131131
What is -778a9 (base 13) in base 12?
-a5565
Convert -3113125 (base 8) to base 3.
-1112220120111
-6410173 (base 8) to base 6
-100340043
-34c15d (base 14) to base 15
-25867d
Convert -152400461 (base 7) to base 9.
-21143518
What is 461a1b (base 12) in base 3?
2010001101012
3091c3 (base 15) to base 11
1337798
Convert 10000021000202 (base 3) to base 10.
1599446
Convert 2230030121 (base 4) to base 9.
1284442
Convert 100003332010 (base 4) to base 3.
21220220210211
-15dbb6 (base 14) to base 16
-bb794
What is 602884 (base 9) in base 15?
70951
11214714 (base 8) to base 5
1110301221
-483a34 (base 11) to base 13
-20abc1
363533 (base 8) to base 16
1e75b
-a7192 (base 13) to base 2
-1001001100011011101
-10110111001000011110000 (base 2) to base 5
-3014012010
Convert -13aa12 (base 11) to base 2.
-110101100101110011
5055330 (base 6) to base 10
240966
Convert 6c716c (base 13) to base 14.
4b4676
What is 90a50 (base 11) in base 4?
200132222
Convert -21211555 (base 7) to base 16.
-1b7ca2
Convert 97561 (base 10) to base 5.
11110221
Convert 10000101110100101011 (base 2) to base 12.
225263
101244211 (base 6) to base 5
421413301
Convert 384842 (base 9) to base 4.
320330111
Convert 1002133103 (base 4) to base 10.
272339
Convert -123617d (base 14) to base 2.
-100001010101000110110011
Convert 162444 (base 8) to base 12.
29b44
Convert -11354041 (base 6) to base 15.
-70ce4
-13202232 (base 5) to base 12
-6417b
Convert -2033351 (base 6) to base 4.
-113323003
What is -1324223100 (base 5) in base 8?
-14622142
What is -216861 (base 9) in base 2?
-11111101011001000
Convert 11110000011110111110110 (base 2) to base 8.
36036766
Convert -150444214 (base 6) to base 7.
-35330044
89042 (base 10) to base 13
316b5
6886b (base 15) to base 5
41121101
Convert -2440101422 (base 5) to base 2.
-10110000100010000100100
Convert 5d9d9 (base 15) to base 5.
34033404
1660132 (base 8) to base 9
816111
Convert 1953b22 (base 12) to base 8.
24265612
-303ab (base 14) to base 3
-12220002211
Convert 58a47 (base 11) to base 9.
138671
Convert 21462 (base 12) to base 9.
66132
What is 199899 (base 16) in base 9?
3136040
What is 1182686 (base 9) in base 11?
400664
-2b744 (base 12) to base 5
-3432130
Convert 9d1a7b (base 14) to base 10.
5344637
What is -221020101022 (base 3) in base 11?
-30a220
122340013 (base 5) to base 2
10010000000010111000
Convert -4275464 (base 10) to base 2.
-10000010011110100001000
Convert -12101200 (base 3) to base 12.
-2339
2100002022 (base 3) to base 14
12a8d
Convert -532304 (base 7) to base 4.
-112132223
Convert -440034 (base 5) to base 6.
-153311
Convert -ab9403 (base 13) to base 14.
-7750ad
What is -13551346 (base 9) in base 11?
-3870648
-338b4 (base 14) to base 15
-27171
1022200011211 (base 3) to base 2
10101011011011001101
-14294b3 (base 12) to base 11
-2309661
Convert -14523010 (base 7) to base 14.
-280540
Convert -42ede9 (base 15) to base 10.
-3189144
Convert -31465b (base 12) to base 14.
-16266b
What is -2c758d (base 16) in base 7?
-33523454
Convert 206613 (base 8) to base 6.
1251243
Convert 101100000010111100 (base 2) to base 16.
2c0bc
Convert 35141352 (base 7) to base 14.
5a47d2
What is -35a425 (base 13) in base 5?
-311414421
12c0a6 (base 13) to base 14
bbadd
-2232333200 (base 4) to base 8
-2567740
What is 2332013131 (base 4) in base 15?
105ae7
Convert -20c71 (base 16) to base 7.
-1066264
Convert -2440384 (base 9) to base 15.
-1b2bb1
What is 2544060 (base 7) in base 11?
20621a
What is 364162 (base 12) in base 9?
1577402
What is 2344321 (base 6) in base 13?
43b8b
Convert -3b66d (base 14) to base 9.
-243215
What is 13630 (base 12) in base 5?
1324240
504485 (base 9) to base 5
34023222
Convert 542250 (base 7) to base 12.
467b6
Convert 31022004 (base 5) to base 4.
331121300
Convert -5113